25. Give z(-32).
-1101
Let y(c) = -441*c - 8002. Calculate y(-18).
-64
Let c(v) = -18*v**2 + 298*v + 450. Determine c(18).
-18
Let w(k) = -2055*k - 16227. Determine w(-8).
213
Let h(p) = 2*p**3 - 302*p**2 + 1747*p - 1. Determine h(6).
41
Let w(j) = -j**2 - 222*j - 10285. Determine w(-67).
100
Let r(j) = 94953*j - 569802. Determine r(6).
-84
Let p(o) = 3*o**3 - 81*o**2 - 2982*o + 79570. What is p(26)?
10
Let w(v) = -3*v**3 - 721*v**2 + 481*v - 266. Determine w(-241).
-25
Let p(o) = -2*o**3 + 52*o**2 + 72*o - 3053. Calculate p(25).
-3
Let v(z) = -1220457*z + 2440908. What is v(2)?
-6
Let l(o) = -o**3 + 457*o**2 + 1137*o - 311077. Determine l(458).
-95
Let d(n) = -n**3 - 565*n**2 + 2311*n + 19901. Give d(-569).
-14
Let t(m) = -40418*m - 484509. Calculate t(-12).
507
Let g(u) = 2484*u + 581253. Calculate g(-234).
-3
Let g(p) = 2985*p + 367141. Give g(-123).
-14
Let q(b) = 8*b**3 + 5*b**2 - 4453*b - 22253. Calculate q(-5).
-863
Let u(b) = 17*b**3 - 849*b**2 - 50*b - 363. What is u(50)?
-363
Let q(h) = 112*h**2 - 3800*h - 325. What is q(34)?
-53
Let a(d) = -40*d**3 - 13*d**2 + 126*d - 365. What is a(3)?
-1184
Let b(v) = 48582*v - 1506432. Determine b(31).
-390
Let g(m) = -m**2 - 153*m - 4128. What is g(-118)?
2
Let u(h) = -15*h**2 + 1226*h + 106. Determine u(82).
-222
Let z(d) = 8*d**3 + 151*d**2 + 255*d + 15. Determine z(-17).
15
Let n(o) = -7*o**2 - 111*o - 781. Determine n(-7).
-347
Let g(a) = 5*a**2 + 197*a + 1653. Give g(-12).
9
Let a(d) = 1953*d + 371200. Calculate a(-190).
130
Let v(g) = g**2 - 63*g + 385. Calculate v(75).
1285
Let a(k) = 4*k**3 - 75*k**2 - 8*k + 103. Give a(19).
312
Let j(w) = -1071*w + 5300. Calculate j(5).
-55
Let r(u) = u**3 + 26*u**2 - 1202*u + 26. Give r(-50).
126
Let q(l) = -6*l**3 + 30*l**2 + 15*l + 143. Give q(6).
17
Let p(g) = -g**3 + 537*g**2 - 23913*g + 27. What is p(49)?
-22
Let g(a) = -7*a**2 + 299*a + 575. Give g(50).
-1975
Let q(b) = -b**3 - 76*b**2 - 308*b + 5. What is q(-4)?
85
Let a(k) = 6*k**3 + 15*k - 1021. Calculate a(0).
-1021
Let h(y) = y**2 + 7076*y + 5297462. Calculate h(-851).
-13
Let c(b) = -476*b + 7358. Calculate c(15).
218
Let a(n) = -3*n**3 + 4300*n**2 - 21418*n - 52. Give a(5).
-17
Let b(h) = 69*h - 28010. Calculate b(404).
-134
Let n(p) = 9*p**2 - 2380*p + 9521. Determine n(4).
145
Let c(v) = -53*v**3 + v**2 + 8*v + 3. Calculate c(-3).
1419
Let d(o) = 2*o**3 + 30*o**2 - o - 119. Give d(0).
-119
Let y(m) = -13*m**2 + 4999*m + 67187. What is y(-13)?
3
Let b(m) = 7927*m - 301175. Calculate b(38).
51
Let u(b) = -b**2 - 1544*b + 18598. What is u(12)?
-74
Let k(g) = -1252989*g + 12529894. Give k(10).
4
Let q(g) = -35*g**3 + 3*g**2 - 38*g - 7. Give q(4).
-2351
Let v(k) = -698*k + 264549. Calculate v(379).
7
Let k(r) = 23*r**2 + 292*r + 901. Calculate k(-5).
16
Let k(g) = -184*g**2 + 181*g + 8. Determine k(1).
5
Let o(t) = 2*t**2 + 1498*t - 26070. Give o(17).
-26
Let q(t) = 29*t**2 + 92*t - 9751. Calculate q(-20).
9
Let t(m) = 64732*m + 26604854. Determine t(-411).
2
Let p(l) = -l**3 - 112*l**2 - 220*l - 12090. What is p(-111)?
9
Let b(u) = 37*u**2 - 253*u - 715. Give b(-3).
377
Let k(x) = -7*x**3 - 11*x**2 - 15*x - 5. Calculate k(-2).
37
Let c(b) = 470*b - 16810. Determine c(34).
-830
Let i(n) = n**3 - 18*n**2 + 53*n + 16. Determine i(3).
40
Let h(k) = -9*k**2 - 168*k + 30. Determine h(-16).
414
Let h(r) = 4227*r - 64043. Calculate h(15).
-638
Let g(n) = 611036*n + 1833100. What is g(-3)?
-8
Let y(j) = 14905*j - 59549. Calculate y(4).
71
Let q(c) = 4*c**2 + 873708*c - 873708. Give q(1).
4
Let j(m) = -60*m**2 - 892*m - 18. Give j(-15).
-138
Let h(g) = 2*g**2 - 393*g - 52654. Calculate h(-92).
430
Let v(d) = 7*d**3 + 499*d**2 + 139*d - 228. What is v(-71)?
-15
Let t(l) = 242*l - 9726. Give t(39).
-288
Let k(n) = n**3 - 3*n**2 - 250*n - 1340. Calculate k(-8).
-44
Let r(n) = n**2 + 114. Calculate r(3).
123
Let x(d) = 3*d**2 + 628*d + 31238. Give x(-128).
6
Let w(q) = 9*q**3 + 182*q**2 - 74*q - 2296. Determine w(-20).
-16
Let r(o) = -609*o**2 + 469543*o - 3087. What is r(771)?
-3
Let q(v) = -272747*v + 3272967. What is q(12)?
3
Let t(l) = 2*l**3 - 606*l**2 - 12250*l + 4489. Calculate t(322).
-19
Let b(u) = -1851*u - 203699. Give b(-110).
-89
Let x(l) = 85*l**2 + 25755*l - 86. Give x(-303).
-86
Let t(a) = a**3 + 308*a**2 - 172*a - 3270. Calculate t(-3).
-9
Let b(o) = 5*o**2 + 523*o + 1540. Give b(-3).
16
Let t(r) = 3*r**2 - 228*r + 3785. Give t(33).
-472
Let h(q) = 221*q - 44879. Calculate h(203).
-16
Let z(f) = 1282*f - 106751. Give z(83).
-345
Let h(w) = -w**3 + 189*w**2 - 1970*w + 193196. Calculate h(184).
-4
Let o(r) = -192*r + 431. Calculate o(1).
239
Let g(r) = -r**3 - 23*r**2 - 75*r + 19. What is g(-19)?
0
Let c(m) = -m**3 + 120*m**2 + 779*m - 819. Determine c(126).
2079
Let n(b) = -b**2 + 1783*b - 168310. Give n(100).
-10
Let t(l) = -7006*l + 70022. Determine t(10).
-38
Let a(n) = 249*n + 12744. Determine a(-50).
294
Let l(i) = 260*i**2 + 577*i - 857. Calculate l(1).
-20
Let f(w) = -8*w**3 + 7331*w**2 + 4574*w + 9928. Give f(917).
-159
Let t(z) = -3*z**2 + 237*z + 2619. What is t(-10)?
-51
Let a(d) = d**3 + 41*d**2 + 119*d + 279. Give a(-39).
-1320
Let s(m) = 6*m**3 - 45*m**2 + 124*m + 19. Give s(3).
148
Let l(t) = -t**3 + 22*t**2 + 3674*t - 5155. Determine l(72).
173
Let x(k) = 33*k**2 + 258*k - 14. Give x(-8).
34
Let u(o) = 14177*o + 198470. Determine u(-14).
-8
Let o(a) = a**3 + 12*a**2 - 15821*a - 189795. Give o(-12).
57
Let a(v) = 2*v**2 + 2047*v + 12234. Calculate a(-6).
24
Let g(p) = -356*p - 2707. Determine g(-8).
141
Let y(l) = l**2 - 113*l - 121893. Give y(-297).
-123
Let w(m) = 31337*m + 125089. What is w(-4)?
-259
Let d(o) = o**2 + 1337*o + 708. Determine d(0).
708
Let p(g) = 4289*g - 536129. Determine p(125).
-4
Let b(j) = -36496*j - 1824813. What is b(-50)?
-13
Let x(n) = -n**3 - 21*n**2 - 99*n - 1035. Determine x(-14).
-1021
Let q(v) = v**2 - 108*v + 695. Give q(7).
-12
Let y(t) = 70*t**2 + 1541*t - 1539. What is y(1)?
72
Let j(s) = -3*s**3 - 194*s**2 + 113*s + 3116. Calculate j(-65).
-4
Let j(f) = 11*f**2 + 3567*f + 35501. Give j(-314).
19
Let w(u) = -u**2 - 310*u + 15288. Give w(54).
-4368
Let u(v) = 220*v - 13243. Give u(60).
-43
Let d(g) = 72*g - 2968. Calculate d(42).
56
Let u(i) = 5*i**2 + 130*i - 77. Determine u(-28).
203
Let s(a) = -a**3 + 100*a**2 - 382*a - 203. What is s(96)?
-11
Let q(d) = d**2 - 1014188*d - 12170400. What is q(-12)?
0
Let h(l) = -394*l**2 - 21678*l - 110. What is h(-55)?
330
Let r(f) = 3255*f - 348456. Determine r(107).
-171
Let h(j) = 149*j**2 - 5957*j + 36. Give h(40).
156
Let g(j) = -5322*j - 196921. Give g(-37).
-7
Let g(l) = -125624*l - 10049913. Determine g(-80).
7
Let d(z) = -42*z**2 - 908*z + 301. Calculate d(-22).
-51
Let g(l) = -2*l**3 - 6*l**2 + 158*l + 23. Give g(-9).
-427
Let g(k) = -267*k**2 + 1140*k - 286. Determine g(4).
2
Let r(b) = 494*b - 108211. Determine r(219).
-25
Let y(c) = 2*c**2 - 488*c - 10874. Determine y(-21).
256
Let w(g) = -26285*g + 1. Give w(0).
1
Let w(q) = -380*q - 2673. Determine w(-6).
-393
Let u(c) = -c**2 + 802*c - 47270. What is u(738)?
-38
Let x(u) = 4424*u + 614932. Calculate x(-139).
-4
Let o(p) = 444*p + 2350. What is o(-3)?
1018
Let h(n) = -585*n + 13985. Calculate h(24).
-55
Let n(z) = -2*z**3 + 52*z**2 + 26*z - 950. Determine n(26).
-274
Let z(u) = -29*u**2 - 6445*u - 1559. Calculate z(-222).
-5
Let z(n) = 33376*n + 233632. What is z(-7)?
0
Let v(d) = -12*d**3 - 325*d**2 - 63*d - 956. Determine v(-27).
16
Let h(z) = -2978*z - 485380. Determine h(-163).
34
Let x(f) = 134*f - 30929. What is x(231)?
25
Let i(o) = -o**2 - 501*o - 8964. Give i(-19).
194
Let q(z) = -116*z + 1135. Calculate q(-27).
4267
Let o(f) = 5*f**3 - 1564*f**2 + 14827*f + 6063. Determine o(303).
3
Let k(d) = 33784*d - 270272. Give k(8).
0
Let k(o) = 17*o**2 - 9*o - 2672. Determine k(-13).
318
Let u(k) = -1272*k**2 + 36*k + 41. Calculate u(-1).
-1267
Let l(v) = 67*v**2 + 1218*v + 182. Give l(-18).
-34
Let h(a) = -3*a**3 - 216*a**2 - 1477*a + 2011. Determine h(-9).
-5
Let y(s) = s**3 + s**2 - 416*s - 9. Calculate y(20).
71
Let w(d) = -559*d + 6199. Give w(11).
50
Let t(i) = -i**3 - 9*i**2 - 89142*i + 714218. Give t(8).
-6
Let y(j) = 7974*j + 95656. What is y(-12)?
-32
Let y(t) = t**2 - 224*t + 12390. Give y(122).
-54
Let o(u) = u**3 + 256*